(p - -1) + 1 + 392/8.
2, 5
Suppose 36940 = 2*x + i, -i - 250 = -x + 18232. List the prime factors of x.
2, 3, 3079
Let a be (-2)/(-8) - (-1)/((-4)/17). Let x be 1/2*(a/1 - 0). List the prime factors of -1 + (2*2 - (-2)/x).
2
Suppose -14*d = -21*d + 98. Suppose 12*l - d = 5*l. Suppose -5*u + 329 + 114 = -2*p, l*u = p + 177. List the prime factors of u.
89
Let o be (-238)/(-8) - (60/(-16))/15. Suppose -4*s + k - 35 = 0, 0*k - o = s + 4*k. What are the prime factors of s/(-20) + (-1305)/(-6)?
2, 109
Let c = -11500 - -21872. List the prime factors of c.
2, 2593
Let g(z) = -30*z - 1. Let v be g(-1). Suppose 54*f = 56*f + 48. Let i = v + f. What are the prime factors of i?
5
Let o = 27 - -124. Let l = -69 + o. List the prime factors of l.
2, 41
Suppose -3*r = 2 - 8. Suppose -r*l + 4*m = -m - 50, 2*m = 2*l - 50. Let n = l - -54. What are the prime factors of n?
79
List the prime factors of (-24)/(-5 - -11) + 1697.
1693
Suppose 3*q - 34*q = -7*q - 294312. List the prime factors of q.
12263
Suppose 5*z - 11*n - 12275 = -12*n, n = -z + 2459. What are the prime factors of z?
2, 3, 409
Let c = 3443 + 54495. List the prime factors of c.
2, 59, 491
Let b = -156 + 158. Suppose -2*a + u = 49 - 277, -u + 224 = b*a. What are the prime factors of a?
113
Let j = 49 + -57. Let w be (-4)/j + 171/6. Suppose -33*f = -w*f - 136. List the prime factors of f.
2, 17
Let r(m) = 654*m**2 - 5*m + 4. Let w be r(1). Suppose -16*j + 3*k + w = -14*j, j - 326 = 2*k. What are the prime factors of j?
2, 41
Let n be 1*-5*(-2)/5 + 20. Suppose -n = 9*x + 14. List the prime factors of (-15)/10*x/6*271.
271
Let l(j) = 2*j**3 - 107*j**2 + 44*j - 103. List the prime factors of l(55).
2, 89
Let o be (-1*(-2)/(-1))/(-2). What are the prime factors of (-6)/(-12)*26*41/o?
13, 41
Let d(v) be the third derivative of 47*v**5/30 + v**4/24 + v**3/3 - 7*v**2. Let s = -232 - -233. What are the prime factors of d(s)?
97
Suppose -4*y + 39248 = -5*c + 5226, 3*c + 25521 = 3*y. What are the prime factors of y?
8513
Let q(o) = -84*o + 16. Let y(h) = -h**2 - 9*h + 17. Let v be y(-11). List the prime factors of q(v).
2, 109
Suppose -101*x + 96*x = 182*x - 49368. What are the prime factors of x?
2, 3, 11
Suppose -5*k - 25 = 0, 0*k - 135 = -5*g + k. Let o(b) = 7*b - 1. Let t(s) = 29*s - 5. Let n(f) = g*o(f) - 6*t(f). List the prime factors of n(5).
2, 11
Suppose 61*z - 2*b - 16966 = 59*z, -b + 8497 = z. What are the prime factors of z?
2, 3, 5, 283
Let y(s) = 656*s**2 + 8*s + 27. What are the prime factors of y(6)?
3, 53, 149
Suppose -5*z - 9*g - 32 = -8*g, 4*z + 16 = 4*g. What are the prime factors of (0 - 563)/((-11 - z) + 4)?
563
Let o(v) = 7*v - 1. Let l(f) = -12*f + 2. Let j(s) = -3*l(s) - 5*o(s). Let z be j(6). Suppose 361 = z*i - 1074. List the prime factors of i.
7, 41
Let o(a) = -a**3 - 36*a**2 + 202*a + 101. List the prime factors of o(-43).
2, 2179
Let q(j) = 18 + 0*j**2 - 6*j + 8*j**2 + 19 + 4*j. List the prime factors of q(7).
5, 83
List the prime factors of 3040 + (-4)/(28/(-77)).
3, 113
Let a be (-8)/5*6/((-36)/30). Let q(d) = 2*d**3 - 4*d**2 + 4*d + 33. What are the prime factors of q(a)?
7, 17
Let b be (25 - 29)*(-2)/(-4)*-1. Suppose 0 = -2*m - m + 4*k + 565, -m = -b*k - 187. What are the prime factors of m?
191
Let a = 35448 + 22483. What are the prime factors of a?
19, 3049
Let u be -6*(-4)/300*-20*-10. Suppose 6*q - u*q = -4800. What are the prime factors of q?
2, 3, 5
Let w = -8884 + 15041. List the prime factors of w.
47, 131
Let m(j) = 19*j**2 - 104*j - 792. List the prime factors of m(-28).
2, 3, 709
Let w(r) = -r**3 + 22*r**2 - 14*r - 3. Let x be w(16). Suppose -6*y + 5401 = x. What are the prime factors of y?
2, 11, 31
Let l = 3728 - -932. List the prime factors of l.
2, 5, 233
Let t = -95 + 212. Suppose 146 = -2*j + m, m - 9 = j + 66. Let z = j + t. What are the prime factors of z?
2, 23
Let x = -6337 - -9679. What are the prime factors of x?
2, 3, 557
Let n(d) = 6*d**3 - d**2 + 3*d - 2. Let j be n(1). Suppose -2*v + 67 = p, -2*v - p + 85 = -j*p. List the prime factors of v.
5, 7
Suppose 9885 = p - 4*n - 15488, -4*p + 4*n + 101432 = 0. List the prime factors of p.
3, 313
Suppose 2*s - 4*w - 23664 = -5650, 9010 = s + w. What are the prime factors of s?
3, 7, 11, 13
Let j(o) = -31 - 25*o**2 + 6*o + 10*o - 10*o + 4*o**3 + 10*o + 26*o**2. List the prime factors of j(6).
5, 193
Let r = -32339 + 36088. What are the prime factors of r?
23, 163
Let z = 156 - 306. Let l = z - -265. List the prime factors of l.
5, 23
Let a(d) = -2*d**2 + 16*d + 2. Let s be a(7). Let g(q) = q**3 - 16*q**2 + 30*q - 39. List the prime factors of g(s).
3, 7
Let x(i) = -10*i**3 + 27 + 7*i + 5 - 5*i**2 - 22 - i**2 + i**2. What are the prime factors of x(-3)?
2, 107
Let v(o) = -o + 7. Let g be v(13). List the prime factors of -170*(1 + 9/g)*2.
2, 5, 17
Let u be 29 + -28 - 1*854. Let w = u - -1312. What are the prime factors of w?
3, 17
Suppose c - 56970 = -2*h, -774*h - 284862 = -5*c - 772*h. What are the prime factors of c?
2, 14243
Suppose -9*j - 5570 = 1144. Let c = j + 1055. What are the prime factors of c?
3, 103
Suppose 2*t = -2*o - 4, -14*t + 16*t - 2 = 4*o. Let g(j) = 642*j**2. List the prime factors of g(o).
2, 3, 107
Suppose 2*s - 52042 = -21226. What are the prime factors of s?
2, 3, 107
Let s = 520 - 518. Suppose -6158 = -3*q - 2*q - s*w, 0 = -5*w + 20. List the prime factors of q.
2, 3, 5, 41
Suppose 11*i + 583 = 3421. List the prime factors of 636/5 + i/(-215).
2, 3, 7
Suppose -5*u = 3*x + 59 - 227, 4*u - 134 = -2*x. Let d = u + -43. Let p = d - -92. What are the prime factors of p?
2, 41
Suppose -10*l + 51*l = 23*l + 244314. List the prime factors of l.
7, 277
Suppose 4*d + 508 = f + f, -3*d - 253 = -f. Let m be (-3)/(-9) + f/(-12). Let k = m + 29. List the prime factors of k.
2
Suppose -56*k + 54*k + 2 = 0. Let j(i) = 56*i - 1. What are the prime factors of j(k)?
5, 11
Let c be ((-16)/18)/(-4)*-15*24/(-40). Let o be (-2)/(-5) - 23/(-5). Suppose 2*v = v - c*f + 162, o*v - 774 = -f. List the prime factors of v.
2, 7, 11
Let n(o) = -16*o + 2*o + 301*o**2 - 147*o**2 - 31 - 150*o**2. List the prime factors of n(-7).
263
Suppose -157*t - 1580819 + 10807043 = 59*t. List the prime factors of t.
2, 3, 7, 113
Suppose -10948 = -w + 3*m, -13*m + 10960 = w - 18*m. List the prime factors of w.
2, 5, 1093
Let a(h) = 60*h + 1544. List the prime factors of a(54).
2, 13, 23
Let o = 21584 + -5004. List the prime factors of o.
2, 5, 829
Suppose 36*s - 79650 = 57582. What are the prime factors of s?
2, 953
Let k = -23277 - -43840. What are the prime factors of k?
20563
Let s(d) = -d**2 + 15*d - 1. Let f = 106 - 85. Suppose 11 = 5*h - 2*w - 13, 2*h = -3*w + f. What are the prime factors of s(h)?
53
Let u = -7535 - -19590. List the prime factors of u.
5, 2411
Let g(a) = 4540*a - 1051. What are the prime factors of g(3)?
12569
Let z(r) = 141*r**2 + 27*r - 222. What are the prime factors of z(9)?
2, 3, 1907
Let m(l) = 2*l**3 + 54*l**2 + 21*l + 65. List the prime factors of m(-14).
31, 157
List the prime factors of ((-56182)/(-8))/(25*16/1600).
7, 4013
Suppose 4*a = -3*n + 8 - 60, 2*n - a = -31. List the prime factors of 21156/45 - (n/60)/(-2).
2, 5, 47
Suppose 7*g + 32 = 9*g. Suppose 0 = 3*x - 11*x + g. Suppose 0 = -5*s + x*r + 990, -3*r - 25 = 2*r. What are the prime factors of s?
2, 7
Let q = -845 + 1595. Suppose -2*c + 4*d + q = -0*c, 5*c = 5*d + 1865. What are the prime factors of c?
7, 53
Let i be (1 - 2)*(4 - -1). Let d be (-28)/(-154) + -6*(-75)/66. Let u = d + i. What are the prime factors of u?
2
Suppose -n = 2*x + n + 8, 2*n = -4*x - 16. Let g be 58965/(-10)*x/6. Suppose -10*f - 851 = -g. What are the prime factors of f?
2, 7, 11
Suppose -386*z = -390*z + 8324. Suppose z + 72819 = 50*f. What are the prime factors of f?
2, 7, 107
Suppose -220 = -4*h - h. Let i = -310 - -292. Let m = h + i. List the prime factors of m.
2, 13
Let x be (2 - 5) + 4 - -1. Suppose 4*p - 29 = y, 2*p + y = -y + 12. Suppose x*z - 111 = p. What are the prime factors of z?
59
Let k = 2977 + 15361. What are the prime factors of k?
2, 53, 173
Suppose 0 = -5*o + 6 - 21, -3*w = 2*o - 3. Suppose i - 1079 = -w*u, 2*u + 3*i - 1077 = -u. What are the prime factors of u?
2, 3, 5
Suppose 2256*v - 2250*v = -24. Let c(k) = -15*k**3 - 14*k + 20. What